CRAN Package Check Results for Package cropdatape

Last updated on 2023-06-09 05:54:55 CEST.

Flavor Version Tinstall Tcheck Ttotal Status Flags
r-devel-linux-x86_64-debian-clang 1.0.0 1.88 20.76 22.64 OK
r-devel-linux-x86_64-debian-gcc 1.0.0 1.57 16.86 18.43 OK
r-devel-linux-x86_64-fedora-clang 1.0.0 29.43 NOTE
r-devel-linux-x86_64-fedora-gcc 1.0.0 27.77 NOTE
r-devel-windows-x86_64 1.0.0 2.00 36.00 38.00 OK
r-patched-linux-x86_64 1.0.0 1.48 20.74 22.22 OK
r-release-linux-x86_64 1.0.0 1.28 20.60 21.88 OK
r-release-macos-arm64 1.0.0 16.00 OK
r-release-macos-x86_64 1.0.0 21.00 OK
r-release-windows-x86_64 1.0.0 2.00 41.00 43.00 OK
r-oldrel-macos-arm64 1.0.0 14.00 OK
r-oldrel-macos-x86_64 1.0.0 20.00 NOTE
r-oldrel-windows-x86_64 1.0.0 5.00 43.00 48.00 OK

Check Details

Version: 1.0.0
Check: data for non-ASCII characters
Result: NOTE
     Note: found 3 marked UTF-8 strings
Flavors: r-devel-linux-x86_64-fedora-clang, r-devel-linux-x86_64-fedora-gcc, r-oldrel-macos-x86_64