Last updated on 2023-06-07 05:58:17 CEST.
Flavor | Version | Tinstall | Tcheck | Ttotal | Status | Flags |
---|---|---|---|---|---|---|
r-devel-linux-x86_64-debian-clang | 0.2.3 | 99.86 | 115.63 | 215.49 | NOTE | |
r-devel-linux-x86_64-debian-gcc | 0.2.3 | 73.38 | 87.62 | 161.00 | NOTE | |
r-devel-linux-x86_64-fedora-clang | 0.2.3 | 303.85 | NOTE | |||
r-devel-linux-x86_64-fedora-gcc | 0.2.3 | 307.94 | NOTE | |||
r-devel-windows-x86_64 | 0.2.3 | 78.00 | 130.00 | 208.00 | NOTE | |
r-patched-linux-x86_64 | 0.2.3 | 71.62 | 111.54 | 183.16 | NOTE | |
r-release-linux-x86_64 | 0.2.3 | 78.51 | 110.15 | 188.66 | NOTE | |
r-release-macos-arm64 | 0.2.3 | 92.00 | NOTE | |||
r-release-macos-x86_64 | 0.2.3 | 140.00 | NOTE | |||
r-release-windows-x86_64 | 0.2.3 | 103.00 | 160.00 | 263.00 | NOTE | |
r-oldrel-macos-arm64 | 0.2.3 | 68.00 | OK | |||
r-oldrel-macos-x86_64 | 0.2.3 | 114.00 | OK | |||
r-oldrel-windows-x86_64 | 0.2.3 | 97.00 | 149.00 | 246.00 | OK |
Version: 0.2.3
Check: C++ specification
Result: NOTE
Specified C++11: please drop specification unless essential
Flavors: r-devel-linux-x86_64-debian-clang, r-devel-linux-x86_64-debian-gcc, r-devel-linux-x86_64-fedora-clang, r-devel-linux-x86_64-fedora-gcc, r-patched-linux-x86_64, r-release-linux-x86_64, r-release-macos-arm64, r-release-macos-x86_64
Version: 0.2.3
Check: package subdirectories
Result: NOTE
Problems with news in ‘NEWS.md’:
Cannot extract version info from the following section titles:
Non-visible changes:
Flavors: r-devel-linux-x86_64-debian-clang, r-devel-linux-x86_64-debian-gcc, r-devel-linux-x86_64-fedora-clang, r-devel-linux-x86_64-fedora-gcc, r-devel-windows-x86_64, r-patched-linux-x86_64, r-release-linux-x86_64, r-release-macos-arm64, r-release-macos-x86_64, r-release-windows-x86_64