CRAN Package Check Results for Package covTestR

Last updated on 2023-05-28 05:52:05 CEST.

Flavor Version Tinstall Tcheck Ttotal Status Flags
r-devel-linux-x86_64-debian-clang 0.1.4 188.44 38.97 227.41 NOTE
r-devel-linux-x86_64-debian-gcc 0.1.4 146.60 30.39 176.99 NOTE
r-devel-linux-x86_64-fedora-clang 0.1.4 354.35 NOTE
r-devel-linux-x86_64-fedora-gcc 0.1.4 349.58 NOTE
r-devel-windows-x86_64 0.1.4 143.00 79.00 222.00 NOTE
r-patched-linux-x86_64 0.1.4 174.08 37.93 212.01 NOTE
r-release-linux-x86_64 0.1.4 158.07 37.56 195.63 NOTE
r-release-macos-arm64 0.1.4 82.00 NOTE
r-release-macos-x86_64 0.1.4 119.00 NOTE
r-release-windows-x86_64 0.1.4 183.00 86.00 269.00 NOTE
r-oldrel-macos-arm64 0.1.4 64.00 NOTE
r-oldrel-macos-x86_64 0.1.4 86.00 NOTE
r-oldrel-windows-x86_64 0.1.4 181.00 80.00 261.00 NOTE

Check Details

Version: 0.1.4
Check: C++ specification
Result: NOTE
     Specified C++11: please drop specification unless essential
Flavors: r-devel-linux-x86_64-debian-clang, r-devel-linux-x86_64-debian-gcc, r-devel-linux-x86_64-fedora-clang, r-devel-linux-x86_64-fedora-gcc, r-devel-windows-x86_64, r-patched-linux-x86_64, r-release-linux-x86_64, r-release-macos-arm64, r-release-macos-x86_64, r-release-windows-x86_64

Version: 0.1.4
Check: LazyData
Result: NOTE
     'LazyData' is specified without a 'data' directory
Flavors: r-devel-linux-x86_64-debian-clang, r-devel-linux-x86_64-debian-gcc, r-devel-linux-x86_64-fedora-clang, r-devel-linux-x86_64-fedora-gcc, r-devel-windows-x86_64, r-patched-linux-x86_64, r-release-linux-x86_64, r-release-macos-arm64, r-release-macos-x86_64, r-release-windows-x86_64, r-oldrel-macos-arm64, r-oldrel-macos-x86_64, r-oldrel-windows-x86_64