CRAN Package Check Results for Package cosmoFns

Last updated on 2023-06-02 05:57:55 CEST.

Flavor Version Tinstall Tcheck Ttotal Status Flags
r-devel-linux-x86_64-debian-clang 1.1-1 2.19 22.68 24.87 NOTE
r-devel-linux-x86_64-debian-gcc 1.1-1 1.78 17.71 19.49 NOTE
r-devel-linux-x86_64-fedora-clang 1.1-1 31.98 NOTE
r-devel-linux-x86_64-fedora-gcc 1.1-1 29.88 NOTE
r-devel-windows-x86_64 1.1-1 3.00 38.00 41.00 NOTE
r-patched-linux-x86_64 1.1-1 NOTE
r-release-linux-x86_64 1.1-1 1.63 21.92 23.55 NOTE
r-release-macos-arm64 1.1-1 16.00 NOTE
r-release-macos-x86_64 1.1-1 18.00 NOTE
r-release-windows-x86_64 1.1-1 3.00 44.00 47.00 NOTE
r-oldrel-macos-arm64 1.1-1 16.00 OK
r-oldrel-macos-x86_64 1.1-1 22.00 OK
r-oldrel-windows-x86_64 1.1-1 24.00 44.00 68.00 OK

Check Details

Version: 1.1-1
Check: Rd files
Result: NOTE
    checkRd: (-1) cosmoFns-package.Rd:34: Escaped LaTeX specials: \&
Flavors: r-devel-linux-x86_64-debian-clang, r-devel-linux-x86_64-debian-gcc, r-devel-linux-x86_64-fedora-clang, r-devel-linux-x86_64-fedora-gcc, r-devel-windows-x86_64, r-patched-linux-x86_64, r-release-linux-x86_64, r-release-macos-arm64, r-release-macos-x86_64, r-release-windows-x86_64