CRAN Package Check Results for Package correlbinom

Last updated on 2023-05-30 05:57:30 CEST.

Flavor Version Tinstall Tcheck Ttotal Status Flags
r-devel-linux-x86_64-debian-clang 0.0.1 4.61 42.51 47.12 NOTE
r-devel-linux-x86_64-debian-gcc 0.0.1 3.17 32.91 36.08 NOTE
r-devel-linux-x86_64-fedora-clang 0.0.1 61.18 NOTE
r-devel-linux-x86_64-fedora-gcc 0.0.1 58.04 NOTE
r-devel-windows-x86_64 0.0.1 5.00 56.00 61.00 NOTE
r-patched-linux-x86_64 0.0.1 3.98 41.50 45.48 NOTE
r-release-linux-x86_64 0.0.1 3.12 41.65 44.77 NOTE
r-release-macos-arm64 0.0.1 22.00 NOTE
r-release-macos-x86_64 0.0.1 33.00 NOTE
r-release-windows-x86_64 0.0.1 5.00 58.00 63.00 NOTE
r-oldrel-macos-arm64 0.0.1 21.00 NOTE
r-oldrel-macos-x86_64 0.0.1 29.00 NOTE
r-oldrel-windows-x86_64 0.0.1 6.00 64.00 70.00 NOTE

Check Details

Version: 0.0.1
Check: LazyData
Result: NOTE
     'LazyData' is specified without a 'data' directory
Flavors: r-devel-linux-x86_64-debian-clang, r-devel-linux-x86_64-debian-gcc, r-devel-linux-x86_64-fedora-clang, r-devel-linux-x86_64-fedora-gcc, r-devel-windows-x86_64, r-patched-linux-x86_64, r-release-linux-x86_64, r-release-macos-arm64, r-release-macos-x86_64, r-release-windows-x86_64, r-oldrel-macos-arm64, r-oldrel-macos-x86_64, r-oldrel-windows-x86_64