Last updated on 2023-06-10 05:52:29 CEST.
Flavor | Version | Tinstall | Tcheck | Ttotal | Status | Flags |
---|---|---|---|---|---|---|
r-devel-linux-x86_64-debian-clang | 1.0.7 | 11.77 | 115.70 | 127.47 | OK | |
r-devel-linux-x86_64-debian-gcc | 1.0.7 | 10.90 | 87.84 | 98.74 | OK | |
r-devel-linux-x86_64-fedora-clang | 1.0.7 | 167.96 | NOTE | |||
r-devel-linux-x86_64-fedora-gcc | 1.0.7 | 153.68 | NOTE | |||
r-devel-windows-x86_64 | 1.0.7 | 12.00 | 101.00 | 113.00 | OK | |
r-patched-linux-x86_64 | 1.0.7 | 13.55 | 109.63 | 123.18 | OK | |
r-release-linux-x86_64 | 1.0.7 | 13.88 | 108.55 | 122.43 | OK | |
r-release-macos-arm64 | 1.0.7 | 52.00 | OK | |||
r-release-macos-x86_64 | 1.0.7 | 65.00 | OK | |||
r-release-windows-x86_64 | 1.0.7 | 16.00 | 118.00 | 134.00 | OK | |
r-oldrel-macos-arm64 | 1.0.7 | 45.00 | NOTE | |||
r-oldrel-macos-x86_64 | 1.0.7 | 96.00 | NOTE | |||
r-oldrel-windows-x86_64 | 1.0.7 | 15.00 | 120.00 | 135.00 | OK |
Version: 1.0.7
Check: dependencies in R code
Result: NOTE
Namespace in Imports field not imported from: ‘graphics’
All declared Imports should be used.
Flavors: r-devel-linux-x86_64-fedora-clang, r-devel-linux-x86_64-fedora-gcc, r-oldrel-macos-arm64, r-oldrel-macos-x86_64