CRAN Package Check Results for Package copula

Last updated on 2024-02-23 05:07:16 CET.

Flavor Version Tinstall Tcheck Ttotal Status Flags
r-devel-linux-x86_64-debian-clang 1.1-3 OK
r-devel-linux-x86_64-debian-gcc 1.1-3 44.98 655.58 700.56 OK
r-devel-linux-x86_64-fedora-clang 1.1-3 1147.90 NOTE
r-devel-linux-x86_64-fedora-gcc 1.1-3 1128.52 OK
r-devel-windows-x86_64 1.1-3 52.00 426.00 478.00 NOTE --no-vignettes
r-patched-linux-x86_64 1.1-3 66.69 888.18 954.87 OK
r-release-linux-x86_64 1.1-3 52.30 885.36 937.66 OK
r-release-macos-arm64 1.1-3 346.00 NOTE
r-release-macos-x86_64 1.1-3 732.00 NOTE
r-release-windows-x86_64 1.1-3 70.00 473.00 543.00 NOTE --no-vignettes
r-oldrel-macos-arm64 1.1-3 374.00 NOTE
r-oldrel-windows-x86_64 1.1-3 72.00 473.00 545.00 NOTE --no-vignettes

Check Details

Version: 1.1-3
Check: installed package size
Result: NOTE installed size is 7.8Mb sub-directories of 1Mb or more: R 2.1Mb doc 3.5Mb Flavors: r-devel-linux-x86_64-fedora-clang, r-release-macos-arm64, r-release-macos-x86_64, r-oldrel-macos-arm64

Version: 1.1-3
Flags: --no-vignettes
Check: installed package size
Result: NOTE installed size is 7.6Mb sub-directories of 1Mb or more: R 2.1Mb doc 3.5Mb Flavors: r-devel-windows-x86_64, r-release-windows-x86_64, r-oldrel-windows-x86_64