Last updated on 2023-06-08 05:58:05 CEST.
Flavor | Version | Tinstall | Tcheck | Ttotal | Status | Flags |
---|---|---|---|---|---|---|
r-devel-linux-x86_64-debian-clang | 1.0.5 | 38.38 | 34.33 | 72.71 | NOTE | |
r-devel-linux-x86_64-debian-gcc | 1.0.5 | 28.86 | 26.72 | 55.58 | NOTE | |
r-devel-linux-x86_64-fedora-clang | 1.0.5 | 113.34 | NOTE | |||
r-devel-linux-x86_64-fedora-gcc | 1.0.5 | 100.18 | NOTE | |||
r-devel-windows-x86_64 | 1.0.5 | 30.00 | 67.00 | 97.00 | NOTE | |
r-patched-linux-x86_64 | 1.0.5 | 30.17 | 33.10 | 63.27 | NOTE | |
r-release-linux-x86_64 | 1.0.5 | 31.80 | 32.87 | 64.67 | NOTE | |
r-release-macos-arm64 | 1.0.5 | 34.00 | NOTE | |||
r-release-macos-x86_64 | 1.0.5 | 49.00 | NOTE | |||
r-release-windows-x86_64 | 1.0.5 | 38.00 | 77.00 | 115.00 | NOTE | |
r-oldrel-macos-arm64 | 1.0.5 | 32.00 | OK | |||
r-oldrel-macos-x86_64 | 1.0.5 | 40.00 | OK | |||
r-oldrel-windows-x86_64 | 1.0.5 | 38.00 | 74.00 | 112.00 | OK |
Version: 1.0.5
Check: C++ specification
Result: NOTE
Specified C++11: please drop specification unless essential
Flavors: r-devel-linux-x86_64-debian-clang, r-devel-linux-x86_64-debian-gcc, r-devel-linux-x86_64-fedora-clang, r-devel-linux-x86_64-fedora-gcc, r-devel-windows-x86_64, r-patched-linux-x86_64, r-release-linux-x86_64, r-release-macos-arm64, r-release-macos-x86_64, r-release-windows-x86_64
Version: 1.0.5
Check: compiled code
Result: NOTE
File ‘contoureR/libs/contoureR.so’:
Found no calls to: ‘R_registerRoutines’, ‘R_useDynamicSymbols’
It is good practice to register native routines and to disable symbol
search.
See ‘Writing portable packages’ in the ‘Writing R Extensions’ manual.
Flavors: r-devel-linux-x86_64-fedora-clang, r-devel-linux-x86_64-fedora-gcc