CRAN Package Check Results for Package confinterpret

Last updated on 2023-06-09 05:54:54 CEST.

Flavor Version Tinstall Tcheck Ttotal Status Flags
r-devel-linux-x86_64-debian-clang 1.0.0 1.93 29.68 31.61 NOTE
r-devel-linux-x86_64-debian-gcc 1.0.0 2.32 23.13 25.45 NOTE
r-devel-linux-x86_64-fedora-clang 1.0.0 42.86 NOTE
r-devel-linux-x86_64-fedora-gcc 1.0.0 38.99 NOTE
r-devel-windows-x86_64 1.0.0 4.00 54.00 58.00 NOTE
r-patched-linux-x86_64 1.0.0 2.97 28.47 31.44 NOTE
r-release-linux-x86_64 1.0.0 2.71 28.39 31.10 NOTE
r-release-macos-arm64 1.0.0 18.00 NOTE
r-release-macos-x86_64 1.0.0 24.00 NOTE
r-release-windows-x86_64 1.0.0 5.00 52.00 57.00 NOTE
r-oldrel-macos-arm64 1.0.0 18.00 NOTE
r-oldrel-macos-x86_64 1.0.0 24.00 NOTE
r-oldrel-windows-x86_64 1.0.0 4.00 52.00 56.00 NOTE

Check Details

Version: 1.0.0
Check: LazyData
Result: NOTE
     'LazyData' is specified without a 'data' directory
Flavors: r-devel-linux-x86_64-debian-clang, r-devel-linux-x86_64-debian-gcc, r-devel-linux-x86_64-fedora-clang, r-devel-linux-x86_64-fedora-gcc, r-devel-windows-x86_64, r-patched-linux-x86_64, r-release-linux-x86_64, r-release-macos-arm64, r-release-macos-x86_64, r-release-windows-x86_64, r-oldrel-macos-arm64, r-oldrel-macos-x86_64, r-oldrel-windows-x86_64