Last updated on 2023-06-10 05:52:29 CEST.
Flavor | Version | Tinstall | Tcheck | Ttotal | Status | Flags |
---|---|---|---|---|---|---|
r-devel-linux-x86_64-debian-clang | 4.7.0 | 26.68 | 238.08 | 264.76 | OK | |
r-devel-linux-x86_64-debian-gcc | 4.7.0 | 24.70 | 175.34 | 200.04 | OK | |
r-devel-linux-x86_64-fedora-clang | 4.7.0 | 354.41 | OK | |||
r-devel-linux-x86_64-fedora-gcc | 4.7.0 | 341.88 | OK | |||
r-devel-windows-x86_64 | 4.7.0 | 23.00 | 188.00 | 211.00 | OK | |
r-patched-linux-x86_64 | 4.7.0 | 27.97 | 223.38 | 251.35 | OK | |
r-release-linux-x86_64 | 4.7.0 | 21.01 | 224.06 | 245.07 | OK | |
r-release-macos-arm64 | 4.7.0 | 92.00 | OK | |||
r-release-macos-x86_64 | 4.6.0 | 179.00 | NOTE | |||
r-release-windows-x86_64 | 4.7.0 | 34.00 | 239.00 | 273.00 | OK | |
r-oldrel-macos-arm64 | 4.7.0 | 95.00 | OK | |||
r-oldrel-macos-x86_64 | 4.7.0 | 114.00 | OK | |||
r-oldrel-windows-x86_64 | 4.7.0 | 35.00 | 232.00 | 267.00 | OK |
Version: 4.6.0
Check: Rd \usage sections
Result: NOTE
S3 methods shown with full name in documentation object 'compareGroups-internal':
‘formula.compareGroups’ ‘update.formula2’ ‘summary.snp2’
The \usage entries for S3 methods should use the \method markup and not
their full name.
See chapter ‘Writing R documentation files’ in the ‘Writing R
Extensions’ manual.
Flavor: r-release-macos-x86_64