CRAN Package Check Results for Package combiter

Last updated on 2023-05-29 05:54:59 CEST.

Flavor Version Tinstall Tcheck Ttotal Status Flags
r-devel-linux-x86_64-debian-clang 1.0.3 42.33 43.14 85.47 NOTE
r-devel-linux-x86_64-debian-gcc 1.0.3 33.76 33.64 67.40 NOTE
r-devel-linux-x86_64-fedora-clang 1.0.3 125.15 NOTE
r-devel-linux-x86_64-fedora-gcc 1.0.3 119.80 NOTE
r-devel-windows-x86_64 1.0.3 28.00 74.00 102.00 NOTE
r-patched-linux-x86_64 1.0.3 33.04 41.36 74.40 NOTE
r-release-linux-x86_64 1.0.3 34.99 40.49 75.48 NOTE
r-release-macos-arm64 1.0.3 36.00 NOTE
r-release-macos-x86_64 1.0.3 56.00 NOTE
r-release-windows-x86_64 1.0.3 33.00 82.00 115.00 NOTE
r-oldrel-macos-arm64 1.0.3 32.00 NOTE
r-oldrel-macos-x86_64 1.0.3 44.00 NOTE
r-oldrel-windows-x86_64 1.0.3 42.00 82.00 124.00 NOTE

Check Details

Version: 1.0.3
Check: LazyData
Result: NOTE
     'LazyData' is specified without a 'data' directory
Flavors: r-devel-linux-x86_64-debian-clang, r-devel-linux-x86_64-debian-gcc, r-devel-linux-x86_64-fedora-clang, r-devel-linux-x86_64-fedora-gcc, r-devel-windows-x86_64, r-patched-linux-x86_64, r-release-linux-x86_64, r-release-macos-arm64, r-release-macos-x86_64, r-release-windows-x86_64, r-oldrel-macos-arm64, r-oldrel-macos-x86_64, r-oldrel-windows-x86_64