CRAN Package Check Results for Package colorfindr

Last updated on 2023-06-03 05:52:24 CEST.

Flavor Version Tinstall Tcheck Ttotal Status Flags
r-devel-linux-x86_64-debian-clang 0.1.4 8.76 77.47 86.23 NOTE
r-devel-linux-x86_64-debian-gcc 0.1.4 6.23 56.68 62.91 NOTE
r-devel-linux-x86_64-fedora-clang 0.1.4 109.40 NOTE
r-devel-linux-x86_64-fedora-gcc 0.1.4 106.84 NOTE
r-devel-windows-x86_64 0.1.4 9.00 74.00 83.00 NOTE
r-patched-linux-x86_64 0.1.4 NOTE
r-release-linux-x86_64 0.1.4 7.73 71.93 79.66 NOTE
r-release-macos-arm64 0.1.4 32.00 NOTE
r-release-macos-x86_64 0.1.4 51.00 NOTE
r-release-windows-x86_64 0.1.4 11.00 85.00 96.00 NOTE
r-oldrel-macos-arm64 0.1.4 33.00 NOTE
r-oldrel-macos-x86_64 0.1.4 55.00 NOTE
r-oldrel-windows-x86_64 0.1.4 11.00 88.00 99.00 NOTE

Check Details

Version: 0.1.4
Check: LazyData
Result: NOTE
     'LazyData' is specified without a 'data' directory
Flavors: r-devel-linux-x86_64-debian-clang, r-devel-linux-x86_64-debian-gcc, r-devel-linux-x86_64-fedora-clang, r-devel-linux-x86_64-fedora-gcc, r-devel-windows-x86_64, r-patched-linux-x86_64, r-release-linux-x86_64, r-release-macos-arm64, r-release-macos-x86_64, r-release-windows-x86_64, r-oldrel-macos-arm64, r-oldrel-macos-x86_64, r-oldrel-windows-x86_64