CRAN Package Check Results for Package colorSpec

Last updated on 2023-05-28 05:52:04 CEST.

Flavor Version Tinstall Tcheck Ttotal Status Flags
r-devel-linux-x86_64-debian-clang 1.4-0 3.73 224.69 228.42 OK
r-devel-linux-x86_64-debian-gcc 1.4-0 3.68 169.57 173.25 OK
r-devel-linux-x86_64-fedora-clang 1.4-0 282.35 NOTE
r-devel-linux-x86_64-fedora-gcc 1.4-0 285.94 OK
r-devel-windows-x86_64 1.4-0 6.00 312.00 318.00 NOTE
r-patched-linux-x86_64 1.4-0 8.35 214.52 222.87 OK
r-release-linux-x86_64 1.4-0 3.75 215.09 218.84 OK
r-release-macos-arm64 1.4-0 99.00 NOTE
r-release-macos-x86_64 1.4-0 191.00 NOTE
r-release-windows-x86_64 1.4-0 8.00 309.00 317.00 NOTE
r-oldrel-macos-arm64 1.4-0 79.00 NOTE
r-oldrel-macos-x86_64 1.4-0 110.00 NOTE
r-oldrel-windows-x86_64 1.4-0 10.00 307.00 317.00 NOTE

Check Details

Version: 1.4-0
Check: installed package size
Result: NOTE
     installed size is 5.4Mb
     sub-directories of 1Mb or more:
     doc 2.5Mb
     extdata 2.1Mb
Flavors: r-devel-linux-x86_64-fedora-clang, r-devel-windows-x86_64, r-release-macos-arm64, r-release-macos-x86_64, r-release-windows-x86_64, r-oldrel-macos-arm64, r-oldrel-macos-x86_64, r-oldrel-windows-x86_64