CRAN Package Check Results for Package colocr

Last updated on 2023-05-27 05:52:24 CEST.

Flavor Version Tinstall Tcheck Ttotal Status Flags
r-devel-linux-x86_64-debian-clang 0.1.1 5.37 217.92 223.29 NOTE
r-devel-linux-x86_64-debian-gcc 0.1.1 4.84 153.53 158.37 NOTE
r-devel-linux-x86_64-fedora-clang 0.1.1 274.91 NOTE
r-devel-linux-x86_64-fedora-gcc 0.1.1 274.00 NOTE
r-devel-windows-x86_64 0.1.1 9.00 237.00 246.00 NOTE
r-patched-linux-x86_64 0.1.1 9.29 200.36 209.65 NOTE
r-release-linux-x86_64 0.1.1 4.48 201.92 206.40 NOTE
r-release-macos-arm64 0.1.1 84.00 NOTE
r-release-macos-x86_64 0.1.1 136.00 NOTE
r-release-windows-x86_64 0.1.1 9.00 233.00 242.00 NOTE
r-oldrel-macos-arm64 0.1.1 70.00 NOTE
r-oldrel-macos-x86_64 0.1.1 136.00 NOTE
r-oldrel-windows-x86_64 0.1.1 9.00 238.00 247.00 NOTE

Check Details

Version: 0.1.1
Check: LazyData
Result: NOTE
     'LazyData' is specified without a 'data' directory
Flavors: r-devel-linux-x86_64-debian-clang, r-devel-linux-x86_64-debian-gcc, r-devel-linux-x86_64-fedora-clang, r-devel-linux-x86_64-fedora-gcc, r-devel-windows-x86_64, r-patched-linux-x86_64, r-release-linux-x86_64, r-release-macos-arm64, r-release-macos-x86_64, r-release-windows-x86_64, r-oldrel-macos-arm64, r-oldrel-macos-x86_64, r-oldrel-windows-x86_64