CRAN Package Check Results for Package collapse

Last updated on 2024-02-28 05:12:47 CET.

Flavor Version Tinstall Tcheck Ttotal Status Flags
r-devel-linux-x86_64-debian-clang 2.0.10 247.35 474.78 722.13 OK
r-devel-linux-x86_64-debian-gcc 2.0.10 211.69 357.15 568.84 OK
r-devel-linux-x86_64-fedora-clang 2.0.10 895.81 OK
r-devel-linux-x86_64-fedora-gcc 2.0.10 1036.26 OK
r-devel-windows-x86_64 2.0.10 182.00 417.00 599.00 NOTE
r-patched-linux-x86_64 2.0.10 254.20 472.04 726.24 OK
r-release-linux-x86_64 2.0.10 254.29 471.74 726.03 OK
r-release-macos-arm64 2.0.10 221.00 NOTE
r-release-macos-x86_64 2.0.10 630.00 NOTE
r-release-windows-x86_64 2.0.10 191.00 506.00 697.00 NOTE
r-oldrel-macos-arm64 2.0.10 212.00 NOTE
r-oldrel-windows-x86_64 2.0.10 232.00 523.00 755.00 NOTE

Check Details

Version: 2.0.10
Check: installed package size
Result: NOTE installed size is 5.2Mb sub-directories of 1Mb or more: R 1.0Mb libs 2.5Mb Flavors: r-devel-windows-x86_64, r-release-macos-arm64, r-release-macos-x86_64, r-release-windows-x86_64, r-oldrel-macos-arm64, r-oldrel-windows-x86_64