CRAN Package Check Results for Package collUtils

Last updated on 2024-02-23 05:07:16 CET.

Flavor Version Tinstall Tcheck Ttotal Status Flags
r-devel-linux-x86_64-debian-clang 1.0.5 OK
r-devel-linux-x86_64-debian-gcc 1.0.5 19.99 31.52 51.51 OK
r-devel-linux-x86_64-fedora-clang 1.0.5 105.53 NOTE
r-devel-linux-x86_64-fedora-gcc 1.0.5 91.75 NOTE
r-devel-windows-x86_64 1.0.5 24.00 71.00 95.00 OK
r-patched-linux-x86_64 1.0.5 27.52 41.26 68.78 OK
r-release-linux-x86_64 1.0.5 25.19 40.27 65.46 OK
r-release-macos-arm64 1.0.5 34.00 OK
r-release-macos-x86_64 1.0.5 48.00 OK
r-release-windows-x86_64 1.0.5 24.00 76.00 100.00 OK
r-oldrel-macos-arm64 1.0.5 28.00 OK
r-oldrel-windows-x86_64 1.0.5 30.00 74.00 104.00 OK

Check Details

Version: 1.0.5
Check: compiled code
Result: NOTE File ‘collUtils/libs/collUtils.so’: Found no calls to: ‘R_registerRoutines’, ‘R_useDynamicSymbols’ It is good practice to register native routines and to disable symbol search. See ‘Writing portable packages’ in the ‘Writing R Extensions’ manual. Flavors: r-devel-linux-x86_64-fedora-clang, r-devel-linux-x86_64-fedora-gcc