CRAN Package Check Results for Package cofeatureR

Last updated on 2023-06-10 05:52:28 CEST.

Flavor Version Tinstall Tcheck Ttotal Status Flags
r-devel-linux-x86_64-debian-clang 1.1.1 2.17 25.97 28.14 NOTE
r-devel-linux-x86_64-debian-gcc 1.1.1 1.78 20.65 22.43 NOTE
r-devel-linux-x86_64-fedora-clang 1.1.1 37.31 NOTE
r-devel-linux-x86_64-fedora-gcc 1.1.1 34.33 NOTE
r-devel-windows-x86_64 1.1.1 4.00 43.00 47.00 NOTE
r-patched-linux-x86_64 1.1.1 2.28 25.21 27.49 NOTE
r-release-linux-x86_64 1.1.1 1.69 24.85 26.54 NOTE
r-release-macos-arm64 1.1.1 18.00 NOTE
r-release-macos-x86_64 1.1.1 23.00 NOTE
r-release-windows-x86_64 1.1.1 4.00 44.00 48.00 NOTE
r-oldrel-macos-arm64 1.1.1 15.00 NOTE
r-oldrel-macos-x86_64 1.1.1 27.00 NOTE
r-oldrel-windows-x86_64 1.1.1 4.00 44.00 48.00 NOTE

Check Details

Version: 1.1.1
Check: LazyData
Result: NOTE
     'LazyData' is specified without a 'data' directory
Flavors: r-devel-linux-x86_64-debian-clang, r-devel-linux-x86_64-debian-gcc, r-devel-linux-x86_64-fedora-clang, r-devel-linux-x86_64-fedora-gcc, r-devel-windows-x86_64, r-patched-linux-x86_64, r-release-linux-x86_64, r-release-macos-arm64, r-release-macos-x86_64, r-release-windows-x86_64, r-oldrel-macos-arm64, r-oldrel-macos-x86_64, r-oldrel-windows-x86_64

Version: 1.1.1
Check: dependencies in R code
Result: NOTE
    Namespace in Imports field not imported from: ‘tibble’
     All declared Imports should be used.
Flavors: r-devel-linux-x86_64-fedora-clang, r-devel-linux-x86_64-fedora-gcc, r-oldrel-macos-arm64, r-oldrel-macos-x86_64