CRAN Package Check Results for Package cmvnorm

Last updated on 2023-06-09 05:54:54 CEST.

Flavor Version Tinstall Tcheck Ttotal Status Flags
r-devel-linux-x86_64-debian-clang 1.0-7 2.50 79.32 81.82 OK
r-devel-linux-x86_64-debian-gcc 1.0-7 1.97 55.29 57.26 OK
r-devel-linux-x86_64-fedora-clang 1.0-7 101.22 OK
r-devel-linux-x86_64-fedora-gcc 1.0-7 109.91 OK
r-devel-windows-x86_64 1.0-7 9.00 91.00 100.00 OK
r-patched-linux-x86_64 1.0-7 2.79 73.50 76.29 OK
r-release-linux-x86_64 1.0-7 2.56 74.72 77.28 OK
r-release-macos-arm64 1.0-7 43.00 OK
r-release-macos-x86_64 1.0-7 68.00 NOTE
r-release-windows-x86_64 1.0-7 4.00 98.00 102.00 OK
r-oldrel-macos-arm64 1.0-7 35.00 OK
r-oldrel-macos-x86_64 1.0-7 53.00 OK
r-oldrel-windows-x86_64 1.0-7 5.00 103.00 108.00 OK

Check Details

Version: 1.0-7
Check: re-building of vignette outputs
Result: NOTE
    Error(s) in re-building vignettes:
    --- re-building ‘cmvnorm.Rnw’ using Sweave
    
    Attaching package: ‘cmvnorm’
    
    The following objects are masked from ‘package:stats’:
    
     sd, var
    
    
    Attaching package: ‘elliptic’
    
    The following objects are masked from ‘package:cmvnorm’:
    
     Im<-, Re<-, sd
    
    The following objects are masked from ‘package:stats’:
    
     sd, sigma
    
    The following object is masked from ‘package:base’:
    
     is.primitive
    
    Error: processing vignette 'cmvnorm.Rnw' failed with diagnostics:
    Running 'texi2dvi' on 'cmvnorm.tex' failed.
    LaTeX errors:
    ! LaTeX Error: File `dsfont.sty' not found.
    
    Type X to quit or <RETURN> to proceed,
    or enter new name. (Default extension: sty)
    
    ! Emergency stop.
    <read *>
    
    l.4 \usepackage
     {bbm}^^M
    ! ==> Fatal error occurred, no output PDF file produced!
    --- failed re-building ‘cmvnorm.Rnw’
    
    SUMMARY: processing the following file failed:
     ‘cmvnorm.Rnw’
    
    Error: Vignette re-building failed.
    Execution halted
Flavor: r-release-macos-x86_64