Last updated on 2023-06-06 05:55:06 CEST.
Flavor | Version | Tinstall | Tcheck | Ttotal | Status | Flags |
---|---|---|---|---|---|---|
r-devel-linux-x86_64-debian-clang | 0.5.0 | 10.07 | 212.82 | 222.89 | OK | |
r-devel-linux-x86_64-debian-gcc | 0.5.0 | 7.32 | 159.81 | 167.13 | OK | |
r-devel-linux-x86_64-fedora-clang | 0.5.0 | 280.46 | OK | |||
r-devel-linux-x86_64-fedora-gcc | 0.5.0 | 275.83 | OK | |||
r-devel-windows-x86_64 | 0.5.0 | 10.00 | 170.00 | 180.00 | OK | |
r-patched-linux-x86_64 | 0.5.0 | 6.14 | 203.02 | 209.16 | OK | |
r-release-linux-x86_64 | 0.5.0 | 6.11 | 201.38 | 207.49 | OK | |
r-release-macos-arm64 | 0.5.0 | 86.00 | OK | |||
r-release-macos-x86_64 | 0.5.0 | 120.00 | NOTE | |||
r-release-windows-x86_64 | 0.5.0 | 12.00 | 214.00 | 226.00 | OK | |
r-oldrel-macos-arm64 | 0.5.0 | 84.00 | OK | |||
r-oldrel-macos-x86_64 | 0.5.0 | 109.00 | OK | |||
r-oldrel-windows-x86_64 | 0.5.0 | 13.00 | 218.00 | 231.00 | OK |
Version: 0.5.0
Check: package dependencies
Result: NOTE
Package suggested but not available for checking: ‘Seurat’
Flavor: r-release-macos-x86_64