Last updated on 2023-09-29 06:01:19 CEST.
Flavor | Version | Tinstall | Tcheck | Ttotal | Status | Flags |
---|---|---|---|---|---|---|
r-devel-linux-x86_64-debian-clang | 2.1.4 | 11.30 | 134.50 | 145.80 | NOTE | |
r-devel-linux-x86_64-debian-gcc | 2.1.4 | 8.22 | 105.20 | 113.42 | NOTE | |
r-devel-linux-x86_64-fedora-clang | 2.1.4 | 198.63 | NOTE | |||
r-devel-linux-x86_64-fedora-gcc | 2.1.4 | 195.38 | NOTE | |||
r-devel-windows-x86_64 | 2.1.4 | 20.00 | 135.00 | 155.00 | NOTE | |
r-patched-linux-x86_64 | 2.1.4 | 15.98 | 139.98 | 155.96 | OK | |
r-release-linux-x86_64 | 2.1.4 | 11.62 | 127.09 | 138.71 | OK | |
r-release-macos-arm64 | 2.1.4 | 64.00 | OK | |||
r-release-macos-x86_64 | 2.1.4 | 108.00 | NOTE | |||
r-release-windows-x86_64 | 2.1.4 | 19.00 | 165.00 | 184.00 | OK | |
r-oldrel-macos-arm64 | 2.1.4 | 53.00 | OK | |||
r-oldrel-macos-x86_64 | 2.1.4 | 108.00 | OK | |||
r-oldrel-windows-x86_64 | 2.1.4 | 20.00 | 163.00 | 183.00 | OK |
Version: 2.1.4
Check: Rd files
Result: NOTE
prepare_Rd: NEWS.Rd:395-396: Dropping empty section ‘Changes in version 1.14.0 (2011-06-07, svn r....)’
Flavors: r-devel-linux-x86_64-debian-clang, r-devel-linux-x86_64-debian-gcc, r-devel-linux-x86_64-fedora-clang, r-devel-linux-x86_64-fedora-gcc, r-devel-windows-x86_64
Version: 2.1.4
Check: Rd cross-references
Result: NOTE
Undeclared packages ‘mvoutlier’, ‘fpc’, ‘ellipse’, ‘sfsmisc’ in Rd xrefs
Flavor: r-devel-linux-x86_64-fedora-clang
Version: 2.1.4
Check: Rd cross-references
Result: NOTE
Packages unavailable to check Rd xrefs: ‘mvoutlier’, ‘fpc’, ‘ellipse’
Flavor: r-release-macos-x86_64