Last updated on 2023-06-08 05:58:05 CEST.
Flavor | Version | Tinstall | Tcheck | Ttotal | Status | Flags |
---|---|---|---|---|---|---|
r-devel-linux-x86_64-debian-clang | 0.1.1 | 2.42 | 24.58 | 27.00 | OK | |
r-devel-linux-x86_64-debian-gcc | 0.1.1 | 1.61 | 19.45 | 21.06 | OK | |
r-devel-linux-x86_64-fedora-clang | 0.1.1 | 35.50 | NOTE | |||
r-devel-linux-x86_64-fedora-gcc | 0.1.1 | 33.26 | OK | |||
r-devel-windows-x86_64 | 0.1.1 | 5.00 | 43.00 | 48.00 | OK | |
r-patched-linux-x86_64 | 0.1.1 | 2.23 | 23.98 | 26.21 | OK | |
r-release-linux-x86_64 | 0.1.1 | 2.98 | 24.08 | 27.06 | OK | |
r-release-macos-arm64 | 0.1.1 | 17.00 | OK | |||
r-release-macos-x86_64 | 0.1.0 | 24.00 | OK | |||
r-release-windows-x86_64 | 0.1.1 | 4.00 | 42.00 | 46.00 | OK | |
r-oldrel-macos-arm64 | 0.1.1 | 23.00 | OK | |||
r-oldrel-macos-x86_64 | 0.1.1 | 24.00 | OK | |||
r-oldrel-windows-x86_64 | 0.1.1 | 5.00 | 44.00 | 49.00 | OK |
Version: 0.1.1
Check: Rd cross-references
Result: NOTE
Undeclared packages ‘bslib’, ‘shiny’ in Rd xrefs
Flavor: r-devel-linux-x86_64-fedora-clang