CRAN Package Check Results for Package clarifai

Last updated on 2023-06-07 05:58:16 CEST.

Flavor Version Tinstall Tcheck Ttotal Status Flags
r-devel-linux-x86_64-debian-clang 0.4.2 2.69 31.19 33.88 NOTE
r-devel-linux-x86_64-debian-gcc 0.4.2 2.26 24.92 27.18 NOTE
r-devel-linux-x86_64-fedora-clang 0.4.2 44.00 NOTE
r-devel-linux-x86_64-fedora-gcc 0.4.2 54.36 NOTE
r-devel-windows-x86_64 0.4.2 9.00 52.00 61.00 NOTE
r-patched-linux-x86_64 0.4.2 3.31 30.97 34.28 NOTE
r-release-linux-x86_64 0.4.2 2.84 30.43 33.27 NOTE
r-release-macos-arm64 0.4.2 23.00 NOTE
r-release-macos-x86_64 0.4.2 36.00 NOTE
r-release-windows-x86_64 0.4.2 6.00 53.00 59.00 NOTE
r-oldrel-macos-arm64 0.4.2 22.00 NOTE
r-oldrel-macos-x86_64 0.4.2 27.00 NOTE
r-oldrel-windows-x86_64 0.4.2 4.00 54.00 58.00 NOTE

Check Details

Version: 0.4.2
Check: LazyData
Result: NOTE
     'LazyData' is specified without a 'data' directory
Flavors: r-devel-linux-x86_64-debian-clang, r-devel-linux-x86_64-debian-gcc, r-devel-linux-x86_64-fedora-clang, r-devel-linux-x86_64-fedora-gcc, r-devel-windows-x86_64, r-patched-linux-x86_64, r-release-linux-x86_64, r-release-macos-arm64, r-release-macos-x86_64, r-release-windows-x86_64, r-oldrel-macos-arm64, r-oldrel-macos-x86_64, r-oldrel-windows-x86_64