CRAN Package Check Results for Package cinaR

Last updated on 2024-02-28 05:12:47 CET.

Flavor Version Tinstall Tcheck Ttotal Status Flags
r-devel-linux-x86_64-debian-clang 0.2.3 0.80 2.08 2.88 ERROR
r-devel-linux-x86_64-debian-gcc 0.2.3 0.51 1.61 2.12 ERROR
r-devel-linux-x86_64-fedora-clang 0.2.3 208.16 OK
r-devel-linux-x86_64-fedora-gcc 0.2.3 209.70 OK
r-devel-windows-x86_64 0.2.3 9.00 132.00 141.00 OK
r-patched-linux-x86_64 0.2.3 6.13 151.70 157.83 OK
r-release-linux-x86_64 0.2.3 0.98 1.98 2.96 ERROR
r-release-macos-arm64 0.2.3 6.00 ERROR
r-release-macos-x86_64 0.2.3 6.00 ERROR
r-release-windows-x86_64 0.2.3 13.00 164.00 177.00 OK
r-oldrel-macos-arm64 0.2.3 10.00 ERROR
r-oldrel-windows-x86_64 0.2.3 11.00 162.00 173.00 OK

Check Details

Version: 0.2.3
Check: package dependencies
Result: ERROR Package required but not available: ‘ChIPseeker’ See section ‘The DESCRIPTION file’ in the ‘Writing R Extensions’ manual. Flavors: r-devel-linux-x86_64-debian-clang, r-devel-linux-x86_64-debian-gcc, r-release-linux-x86_64

Version: 0.2.3
Check: package dependencies
Result: ERROR Packages required but not available: 'ChIPseeker', 'TxDb.Hsapiens.UCSC.hg38.knownGene' See section ‘The DESCRIPTION file’ in the ‘Writing R Extensions’ manual. Flavor: r-release-macos-arm64

Version: 0.2.3
Check: package dependencies
Result: ERROR Packages required but not available: 'TxDb.Hsapiens.UCSC.hg38.knownGene', 'TxDb.Mmusculus.UCSC.mm10.knownGene' See section ‘The DESCRIPTION file’ in the ‘Writing R Extensions’ manual. Flavor: r-release-macos-x86_64

Version: 0.2.3
Check: package dependencies
Result: ERROR Packages required but not available: 'ChIPseeker', 'TxDb.Hsapiens.UCSC.hg38.knownGene', 'TxDb.Mmusculus.UCSC.mm10.knownGene' See section ‘The DESCRIPTION file’ in the ‘Writing R Extensions’ manual. Flavor: r-oldrel-macos-arm64