CRAN Package Check Results for Package cgmquantify

Last updated on 2023-06-07 05:58:16 CEST.

Flavor Version Tinstall Tcheck Ttotal Status Flags
r-devel-linux-x86_64-debian-clang 0.1.0 2.95 35.02 37.97 NOTE
r-devel-linux-x86_64-debian-gcc 0.1.0 1.67 27.07 28.74 NOTE
r-devel-linux-x86_64-fedora-clang 0.1.0 47.48 NOTE
r-devel-linux-x86_64-fedora-gcc 0.1.0 57.01 NOTE
r-devel-windows-x86_64 0.1.0 5.00 53.00 58.00 NOTE
r-patched-linux-x86_64 0.1.0 2.49 33.51 36.00 NOTE
r-release-linux-x86_64 0.1.0 1.80 33.07 34.87 NOTE
r-release-macos-arm64 0.1.0 29.00 NOTE
r-release-macos-x86_64 0.1.0 43.00 NOTE
r-release-windows-x86_64 0.1.0 6.00 56.00 62.00 NOTE
r-oldrel-macos-arm64 0.1.0 21.00 NOTE
r-oldrel-macos-x86_64 0.1.0 34.00 NOTE
r-oldrel-windows-x86_64 0.1.0 5.00 57.00 62.00 NOTE

Check Details

Version: 0.1.0
Check: LazyData
Result: NOTE
     'LazyData' is specified without a 'data' directory
Flavors: r-devel-linux-x86_64-debian-clang, r-devel-linux-x86_64-debian-gcc, r-devel-linux-x86_64-fedora-clang, r-devel-linux-x86_64-fedora-gcc, r-devel-windows-x86_64, r-patched-linux-x86_64, r-release-linux-x86_64, r-release-macos-arm64, r-release-macos-x86_64, r-release-windows-x86_64, r-oldrel-macos-arm64, r-oldrel-macos-x86_64, r-oldrel-windows-x86_64

Version: 0.1.0
Check: dependencies in R code
Result: NOTE
    Namespace in Imports field not imported from: ‘tidyverse’
     All declared Imports should be used.
Flavors: r-devel-linux-x86_64-fedora-clang, r-devel-linux-x86_64-fedora-gcc, r-oldrel-macos-arm64, r-oldrel-macos-x86_64