Last updated on 2023-12-08 05:02:00 CET.
Flavor | Version | Tinstall | Tcheck | Ttotal | Status | Flags |
---|---|---|---|---|---|---|
r-devel-linux-x86_64-debian-clang | 0.0.4 | 4.97 | 45.03 | 50.00 | NOTE | |
r-devel-linux-x86_64-debian-gcc | 0.0.4 | 4.30 | 34.45 | 38.75 | NOTE | |
r-devel-linux-x86_64-fedora-clang | 0.0.4 | 63.54 | NOTE | |||
r-devel-linux-x86_64-fedora-gcc | 0.0.4 | 71.21 | NOTE | |||
r-devel-windows-x86_64 | 0.0.4 | 5.00 | 55.00 | 60.00 | NOTE | |
r-patched-linux-x86_64 | 0.0.4 | 4.97 | 43.96 | 48.93 | NOTE | |
r-release-linux-x86_64 | 0.0.4 | 5.42 | 42.93 | 48.35 | NOTE | |
r-release-macos-arm64 | 0.0.4 | 30.00 | NOTE | |||
r-release-macos-x86_64 | 0.0.4 | 45.00 | NOTE | |||
r-release-windows-x86_64 | 0.0.4 | 7.00 | 58.00 | 65.00 | NOTE | |
r-oldrel-macos-arm64 | 0.0.4 | 24.00 | NOTE | |||
r-oldrel-macos-x86_64 | 0.0.4 | 44.00 | NOTE | |||
r-oldrel-windows-x86_64 | 0.0.4 | 7.00 | 62.00 | 69.00 | NOTE |
Version: 0.0.4
Check: Rd files
Result: NOTE
checkRd: (-1) call_api_once.Rd:36: Lost braces
36 | A code{data.frame} with the requested variables at the requested
| ^
Flavors: r-devel-linux-x86_64-debian-clang, r-devel-linux-x86_64-debian-gcc
Version: 0.0.4
Check: LazyData
Result: NOTE
'LazyData' is specified without a 'data' directory
Flavors: r-devel-linux-x86_64-debian-clang, r-devel-linux-x86_64-debian-gcc, r-devel-linux-x86_64-fedora-clang, r-devel-linux-x86_64-fedora-gcc, r-devel-windows-x86_64, r-patched-linux-x86_64, r-release-linux-x86_64, r-release-macos-arm64, r-release-macos-x86_64, r-release-windows-x86_64, r-oldrel-macos-arm64, r-oldrel-macos-x86_64, r-oldrel-windows-x86_64