Last updated on 2023-06-04 05:50:38 CEST.
Flavor | Version | Tinstall | Tcheck | Ttotal | Status | Flags |
---|---|---|---|---|---|---|
r-devel-linux-x86_64-debian-clang | 2.5.2 | 157.25 | 317.36 | 474.61 | OK | |
r-devel-linux-x86_64-debian-gcc | 2.5.2 | 123.31 | 228.60 | 351.91 | OK | |
r-devel-linux-x86_64-fedora-clang | 2.5.2 | 639.27 | NOTE | |||
r-devel-linux-x86_64-fedora-gcc | 2.5.2 | 658.81 | OK | |||
r-devel-windows-x86_64 | 2.5.2 | 119.00 | 283.00 | 402.00 | NOTE | |
r-patched-linux-x86_64 | 2.5.2 | 128.13 | 305.28 | 433.41 | OK | |
r-release-linux-x86_64 | 2.5.2 | 122.23 | 304.24 | 426.47 | OK | |
r-release-macos-arm64 | 2.5.2 | 167.00 | NOTE | |||
r-release-macos-x86_64 | 2.5.2 | 296.00 | NOTE | |||
r-release-windows-x86_64 | 2.5.2 | 149.00 | 336.00 | 485.00 | NOTE | |
r-oldrel-macos-arm64 | 2.5.2 | 175.00 | NOTE | |||
r-oldrel-macos-x86_64 | 2.5.2 | 225.00 | NOTE | |||
r-oldrel-windows-x86_64 | 2.5.2 | 142.00 | 330.00 | 472.00 | NOTE |
Version: 2.5.2
Check: installed package size
Result: NOTE
installed size is 6.8Mb
sub-directories of 1Mb or more:
data 3.2Mb
doc 2.2Mb
Flavors: r-devel-linux-x86_64-fedora-clang, r-devel-windows-x86_64, r-release-macos-arm64, r-release-macos-x86_64, r-release-windows-x86_64, r-oldrel-macos-arm64, r-oldrel-macos-x86_64, r-oldrel-windows-x86_64