Last updated on 2023-06-03 05:52:24 CEST.
Flavor | Version | Tinstall | Tcheck | Ttotal | Status | Flags |
---|---|---|---|---|---|---|
r-devel-linux-x86_64-debian-clang | 1.0.6 | 5.57 | 49.16 | 54.73 | NOTE | |
r-devel-linux-x86_64-debian-gcc | 1.0.6 | 5.04 | 37.17 | 42.21 | NOTE | |
r-devel-linux-x86_64-fedora-clang | 1.0.6 | 70.43 | NOTE | |||
r-devel-linux-x86_64-fedora-gcc | 1.0.6 | 66.29 | NOTE | |||
r-devel-windows-x86_64 | 1.0.6 | 8.00 | 57.00 | 65.00 | NOTE | |
r-patched-linux-x86_64 | 1.0.6 | NOTE | ||||
r-release-linux-x86_64 | 1.0.6 | 4.86 | 48.00 | 52.86 | NOTE | |
r-release-macos-arm64 | 1.0.6 | 26.00 | NOTE | |||
r-release-macos-x86_64 | 1.0.6 | 36.00 | NOTE | |||
r-release-windows-x86_64 | 1.0.6 | 9.00 | 63.00 | 72.00 | NOTE | |
r-oldrel-macos-arm64 | 1.0.6 | 25.00 | OK | |||
r-oldrel-macos-x86_64 | 1.0.6 | 32.00 | OK | |||
r-oldrel-windows-x86_64 | 1.0.6 | 9.00 | 65.00 | 74.00 | OK |
Version: 1.0.6
Check: package subdirectories
Result: NOTE
Problems with news in ‘NEWS.md’:
No news entries found.
Flavors: r-devel-linux-x86_64-debian-clang, r-devel-linux-x86_64-debian-gcc, r-devel-linux-x86_64-fedora-clang, r-devel-linux-x86_64-fedora-gcc, r-devel-windows-x86_64, r-patched-linux-x86_64, r-release-linux-x86_64, r-release-macos-arm64, r-release-macos-x86_64, r-release-windows-x86_64