Last updated on 2023-06-05 05:54:31 CEST.
Flavor | Version | Tinstall | Tcheck | Ttotal | Status | Flags |
---|---|---|---|---|---|---|
r-devel-linux-x86_64-debian-clang | 0.1.2 | 32.33 | 31.95 | 64.28 | NOTE | |
r-devel-linux-x86_64-debian-gcc | 0.1.2 | 21.97 | 25.42 | 47.39 | NOTE | |
r-devel-linux-x86_64-fedora-clang | 0.1.2 | 90.22 | NOTE | |||
r-devel-linux-x86_64-fedora-gcc | 0.1.2 | 86.25 | NOTE | |||
r-devel-windows-x86_64 | 0.1.2 | 27.00 | 64.00 | 91.00 | NOTE | |
r-patched-linux-x86_64 | 0.1.2 | 27.85 | 31.04 | 58.89 | NOTE | |
r-release-linux-x86_64 | 0.1.2 | 24.87 | 31.39 | 56.26 | NOTE | |
r-release-macos-arm64 | 0.1.2 | 50.00 | NOTE | |||
r-release-macos-x86_64 | 0.1.2 | 80.00 | NOTE | |||
r-release-windows-x86_64 | 0.1.2 | 31.00 | 73.00 | 104.00 | NOTE | |
r-oldrel-macos-arm64 | 0.1.2 | 45.00 | NOTE | |||
r-oldrel-macos-x86_64 | 0.1.2 | 61.00 | NOTE | |||
r-oldrel-windows-x86_64 | 0.1.2 | 33.00 | 71.00 | 104.00 | NOTE |
Version: 0.1.2
Check: LazyData
Result: NOTE
'LazyData' is specified without a 'data' directory
Flavors: r-devel-linux-x86_64-debian-clang, r-devel-linux-x86_64-debian-gcc, r-devel-linux-x86_64-fedora-clang, r-devel-linux-x86_64-fedora-gcc, r-devel-windows-x86_64, r-patched-linux-x86_64, r-release-linux-x86_64, r-release-macos-arm64, r-release-macos-x86_64, r-release-windows-x86_64, r-oldrel-macos-arm64, r-oldrel-macos-x86_64, r-oldrel-windows-x86_64