Last updated on 2023-05-30 05:57:29 CEST.
Flavor | Version | Tinstall | Tcheck | Ttotal | Status | Flags |
---|---|---|---|---|---|---|
r-devel-linux-x86_64-debian-clang | 0.9.3 | 5.61 | 129.03 | 134.64 | OK | |
r-devel-linux-x86_64-debian-gcc | 0.9.3 | 5.29 | 98.83 | 104.12 | OK | |
r-devel-linux-x86_64-fedora-clang | 0.9.3 | 178.34 | NOTE | |||
r-devel-linux-x86_64-fedora-gcc | 0.9.3 | 187.71 | OK | |||
r-devel-windows-x86_64 | 0.9.3 | 6.00 | 120.00 | 126.00 | NOTE | |
r-patched-linux-x86_64 | 0.9.3 | 6.78 | 125.72 | 132.50 | OK | |
r-release-linux-x86_64 | 0.9.3 | 4.24 | 125.81 | 130.05 | OK | |
r-release-macos-arm64 | 0.9.3 | 77.00 | NOTE | |||
r-release-macos-x86_64 | 0.9.3 | 101.00 | NOTE | |||
r-release-windows-x86_64 | 0.9.3 | 8.00 | 156.00 | 164.00 | NOTE | |
r-oldrel-macos-arm64 | 0.9.3 | 72.00 | NOTE | |||
r-oldrel-macos-x86_64 | 0.9.3 | 87.00 | NOTE | |||
r-oldrel-windows-x86_64 | 0.9.3 | 8.00 | 164.00 | 172.00 | NOTE |
Version: 0.9.3
Check: installed package size
Result: NOTE
installed size is 38.0Mb
sub-directories of 1Mb or more:
doc 37.7Mb
Flavors: r-devel-linux-x86_64-fedora-clang, r-devel-windows-x86_64, r-release-macos-arm64, r-release-macos-x86_64, r-release-windows-x86_64, r-oldrel-macos-arm64, r-oldrel-macos-x86_64, r-oldrel-windows-x86_64