Last updated on 2023-05-29 05:54:58 CEST.
Flavor | Version | Tinstall | Tcheck | Ttotal | Status | Flags |
---|---|---|---|---|---|---|
r-devel-linux-x86_64-debian-clang | 0.9.0 | 4.78 | 36.39 | 41.17 | OK | |
r-devel-linux-x86_64-debian-gcc | 0.9.0 | 3.50 | 28.83 | 32.33 | OK | |
r-devel-linux-x86_64-fedora-clang | 0.9.0 | 51.57 | NOTE | |||
r-devel-linux-x86_64-fedora-gcc | 0.9.0 | 48.47 | OK | |||
r-devel-windows-x86_64 | 0.9.0 | 4.00 | 55.00 | 59.00 | OK | |
r-patched-linux-x86_64 | 0.9.0 | 5.98 | 35.85 | 41.83 | OK | |
r-release-linux-x86_64 | 0.9.0 | 4.50 | 35.81 | 40.31 | OK | |
r-release-macos-arm64 | 0.9.0 | 18.00 | OK | |||
r-release-macos-x86_64 | 0.9.0 | 46.00 | OK | |||
r-release-windows-x86_64 | 0.9.0 | 4.00 | 58.00 | 62.00 | OK | |
r-oldrel-macos-arm64 | 0.9.0 | 20.00 | OK | |||
r-oldrel-macos-x86_64 | 0.9.0 | 27.00 | OK | |||
r-oldrel-windows-x86_64 | 0.9.0 | 7.00 | 64.00 | 71.00 | OK |
Version: 0.9.0
Check: Rd cross-references
Result: NOTE
Undeclared package ‘limma’ in Rd xrefs
Flavor: r-devel-linux-x86_64-fedora-clang