Last updated on 2023-12-08 05:01:59 CET.
Flavor | Version | Tinstall | Tcheck | Ttotal | Status | Flags |
---|---|---|---|---|---|---|
r-devel-linux-x86_64-debian-clang | 3.1-2 | 22.63 | 179.20 | 201.83 | NOTE | |
r-devel-linux-x86_64-debian-gcc | 3.1-2 | 18.47 | 130.38 | 148.85 | NOTE | |
r-devel-linux-x86_64-fedora-clang | 3.1-2 | 243.59 | NOTE | |||
r-devel-linux-x86_64-fedora-gcc | 3.1-2 | 267.34 | OK | |||
r-devel-windows-x86_64 | 3.1-2 | 21.00 | 174.00 | 195.00 | OK | |
r-patched-linux-x86_64 | 3.1-2 | 32.78 | 175.22 | 208.00 | OK | |
r-release-linux-x86_64 | 3.1-2 | 18.07 | 169.12 | 187.19 | OK | |
r-release-macos-arm64 | 3.1-2 | 74.00 | OK | |||
r-release-macos-x86_64 | 3.1-2 | 117.00 | NOTE | |||
r-release-windows-x86_64 | 3.1-2 | 26.00 | 210.00 | 236.00 | OK | |
r-oldrel-macos-arm64 | 3.1-2 | 69.00 | OK | |||
r-oldrel-macos-x86_64 | 3.1-2 | 84.00 | OK | |||
r-oldrel-windows-x86_64 | 3.1-2 | 28.00 | 200.00 | 228.00 | OK |
Version: 3.1-2
Check: Rd files
Result: NOTE
checkRd: (-1) compareCoefs.Rd:30: Lost braces
30 | \item{pvals}{If code{TRUE} (the default is \code{FALSE}), print two-sided p-values
| ^
checkRd: (-1) mcPlots.Rd:38: Lost braces; missing escapes or markup?
38 | axis. To plot against a factor, you need to specify the full name of one of the indicator variables that define the factor. For example, for a factor called \code{type} with levels \code{A}, \code{B} and {C}, using the usual drop-first level parameterization of the factor, the regressors for \code{type} would be \code{typeB} or \code{typeC}. Similarly, to plot against the regressor \code{log(X4)}, you must specify \code{"log((X4)"}, not \code{"X4"}.
| ^
checkRd: (-1) scatterplot.Rd:137: Lost braces
137 | For \code{style="filled"} several subarguments modify the appearance of the region: code{alpha} is a number between 0 and 1 that specifies opacity with defualt 0.15, \code{border}, \code{TRUE} or \code{FALSE} specifies a border for the envelope, and \code{vertical} either \code{TRUE} or \code{FALSE}, modifies the behavior of the envelope at the edges of the graph.
| ^
Flavors: r-devel-linux-x86_64-debian-clang, r-devel-linux-x86_64-debian-gcc
Version: 3.1-2
Check: Rd cross-references
Result: NOTE
Undeclared package ‘plotrix’ in Rd xrefs
Flavor: r-devel-linux-x86_64-fedora-clang
Version: 3.1-2
Check: package dependencies
Result: NOTE
Package suggested but not available for checking: ‘alr4’
Flavor: r-release-macos-x86_64