Last updated on 2023-06-07 05:58:15 CEST.
Flavor | Version | Tinstall | Tcheck | Ttotal | Status | Flags |
---|---|---|---|---|---|---|
r-devel-linux-x86_64-debian-clang | 0.8-6 | 6.85 | 75.01 | 81.86 | OK | |
r-devel-linux-x86_64-debian-gcc | 0.8-6 | 6.38 | 56.41 | 62.79 | OK | |
r-devel-linux-x86_64-fedora-clang | 0.8-6 | 101.36 | NOTE | |||
r-devel-linux-x86_64-fedora-gcc | 0.8-6 | 108.21 | OK | |||
r-devel-windows-x86_64 | 0.8-6 | 9.00 | 83.00 | 92.00 | OK | |
r-patched-linux-x86_64 | 0.8-6 | 6.97 | 69.60 | 76.57 | OK | |
r-release-linux-x86_64 | 0.8-6 | 7.80 | 71.17 | 78.97 | OK | |
r-release-macos-arm64 | 0.8-6 | 43.00 | OK | |||
r-release-macos-x86_64 | 0.8-6 | 58.00 | OK | |||
r-release-windows-x86_64 | 0.8-6 | 10.00 | 92.00 | 102.00 | OK | |
r-oldrel-macos-arm64 | 0.8-6 | 25.00 | OK | |||
r-oldrel-macos-x86_64 | 0.8-6 | 45.00 | OK | |||
r-oldrel-windows-x86_64 | 0.8-6 | 10.00 | 95.00 | 105.00 | OK |
Version: 0.8-6
Check: Rd cross-references
Result: NOTE
Undeclared packages ‘yacca’, ‘CCA’ in Rd xrefs
Flavor: r-devel-linux-x86_64-fedora-clang