CRAN Package Check Results for Package cPCG

Last updated on 2023-06-08 05:58:06 CEST.

Flavor Version Tinstall Tcheck Ttotal Status Flags
r-devel-linux-x86_64-debian-clang 1.0 31.17 30.24 61.41 NOTE
r-devel-linux-x86_64-debian-gcc 1.0 25.25 23.76 49.01 NOTE
r-devel-linux-x86_64-fedora-clang 1.0 90.43 NOTE
r-devel-linux-x86_64-fedora-gcc 1.0 98.44 NOTE
r-devel-windows-x86_64 1.0 26.00 65.00 91.00 NOTE
r-patched-linux-x86_64 1.0 26.96 29.33 56.29 NOTE
r-release-linux-x86_64 1.0 26.66 29.37 56.03 NOTE
r-release-macos-arm64 1.0 30.00 NOTE
r-release-macos-x86_64 1.0 54.00 NOTE
r-release-windows-x86_64 1.0 34.00 72.00 106.00 NOTE
r-oldrel-macos-arm64 1.0 29.00 OK
r-oldrel-macos-x86_64 1.0 35.00 OK
r-oldrel-windows-x86_64 1.0 34.00 70.00 104.00 OK

Check Details

Version: 1.0
Check: C++ specification
Result: NOTE
     Specified C++11: please drop specification unless essential
Flavors: r-devel-linux-x86_64-debian-clang, r-devel-linux-x86_64-debian-gcc, r-devel-linux-x86_64-fedora-clang, r-devel-linux-x86_64-fedora-gcc, r-devel-windows-x86_64, r-patched-linux-x86_64, r-release-linux-x86_64, r-release-macos-arm64, r-release-macos-x86_64, r-release-windows-x86_64