Last updated on 2023-05-30 05:57:30 CEST.
Flavor | Version | Tinstall | Tcheck | Ttotal | Status | Flags |
---|---|---|---|---|---|---|
r-devel-linux-x86_64-debian-clang | 1.3.2 | 93.10 | 376.26 | 469.36 | NOTE | |
r-devel-linux-x86_64-debian-gcc | 1.3.2 | 66.88 | 293.18 | 360.06 | NOTE | |
r-devel-linux-x86_64-fedora-clang | 1.3.2 | 591.26 | NOTE | |||
r-devel-linux-x86_64-fedora-gcc | 1.3.2 | 612.55 | NOTE | |||
r-devel-windows-x86_64 | 1.3.2 | 64.00 | 359.00 | 423.00 | NOTE | |
r-patched-linux-x86_64 | 1.3.2 | 70.09 | 390.51 | 460.60 | NOTE | |
r-release-linux-x86_64 | 1.3.2 | 71.80 | 391.34 | 463.14 | NOTE | |
r-release-macos-arm64 | 1.3.2 | 239.00 | NOTE | |||
r-release-macos-x86_64 | 1.3.2 | 367.00 | NOTE | |||
r-release-windows-x86_64 | 1.3.2 | 80.00 | 428.00 | 508.00 | NOTE | |
r-oldrel-macos-arm64 | 1.3.2 | 236.00 | NOTE | |||
r-oldrel-macos-x86_64 | 1.3.2 | 225.00 | OK | |||
r-oldrel-windows-x86_64 | 1.3.2 | 81.00 | 422.00 | 503.00 | OK |
Version: 1.3.2
Check: C++ specification
Result: NOTE
Specified C++11: please drop specification unless essential
Flavors: r-devel-linux-x86_64-debian-clang, r-devel-linux-x86_64-debian-gcc, r-devel-linux-x86_64-fedora-clang, r-devel-linux-x86_64-fedora-gcc, r-devel-windows-x86_64, r-patched-linux-x86_64, r-release-linux-x86_64, r-release-macos-arm64, r-release-macos-x86_64, r-release-windows-x86_64
Version: 1.3.2
Check: installed package size
Result: NOTE
installed size is 5.2Mb
sub-directories of 1Mb or more:
libs 4.9Mb
Flavors: r-release-macos-arm64, r-oldrel-macos-arm64