Last updated on 2023-05-28 05:52:03 CEST.
Flavor | Version | Tinstall | Tcheck | Ttotal | Status | Flags |
---|---|---|---|---|---|---|
r-devel-linux-x86_64-debian-clang | 1.0 | 11.76 | 104.32 | 116.08 | NOTE | |
r-devel-linux-x86_64-debian-gcc | 1.0 | 11.23 | 80.45 | 91.68 | NOTE | |
r-devel-linux-x86_64-fedora-clang | 1.0 | 144.77 | NOTE | |||
r-devel-linux-x86_64-fedora-gcc | 1.0 | 143.23 | NOTE | |||
r-devel-windows-x86_64 | 1.0 | 10.00 | 94.00 | 104.00 | NOTE | |
r-patched-linux-x86_64 | 1.0 | 19.69 | 101.68 | 121.37 | NOTE | |
r-release-linux-x86_64 | 1.0 | 11.93 | 99.24 | 111.17 | NOTE | |
r-release-macos-arm64 | 1.0 | 47.00 | NOTE | |||
r-release-macos-x86_64 | 1.0 | 70.00 | NOTE | |||
r-release-windows-x86_64 | 1.0 | 15.00 | 116.00 | 131.00 | NOTE | |
r-oldrel-macos-arm64 | 1.0 | 44.00 | OK | |||
r-oldrel-macos-x86_64 | 1.0 | 71.00 | OK | |||
r-oldrel-windows-x86_64 | 1.0 | 15.00 | 117.00 | 132.00 | OK |
Version: 1.0
Check: Rd files
Result: NOTE
checkRd: (-1) deleteZeroComponents.Rd:70: Escaped LaTeX specials: \& \&
Flavors: r-devel-linux-x86_64-debian-clang, r-devel-linux-x86_64-debian-gcc, r-devel-linux-x86_64-fedora-clang, r-devel-linux-x86_64-fedora-gcc, r-devel-windows-x86_64, r-patched-linux-x86_64, r-release-linux-x86_64, r-release-macos-arm64, r-release-macos-x86_64, r-release-windows-x86_64