CRAN Package Check Results for Package bvarsv

Last updated on 2023-05-29 05:54:58 CEST.

Flavor Version Tinstall Tcheck Ttotal Status Flags
r-devel-linux-x86_64-debian-clang 1.1 39.56 33.95 73.51 OK
r-devel-linux-x86_64-debian-gcc 1.1 31.90 26.71 58.61 OK
r-devel-linux-x86_64-fedora-clang 1.1 108.88 NOTE
r-devel-linux-x86_64-fedora-gcc 1.1 110.60 NOTE
r-devel-windows-x86_64 1.1 33.00 66.00 99.00 OK
r-patched-linux-x86_64 1.1 31.93 33.41 65.34 OK
r-release-linux-x86_64 1.1 36.96 33.45 70.41 OK
r-release-macos-arm64 1.1 35.00 OK
r-release-macos-x86_64 1.1 51.00 OK
r-release-windows-x86_64 1.1 42.00 84.00 126.00 OK
r-oldrel-macos-arm64 1.1 31.00 OK
r-oldrel-macos-x86_64 1.1 43.00 OK
r-oldrel-windows-x86_64 1.1 41.00 73.00 114.00 OK

Check Details

Version: 1.1
Check: compiled code
Result: NOTE
    File ‘bvarsv/libs/bvarsv.so’:
     Found no calls to: ‘R_registerRoutines’, ‘R_useDynamicSymbols’
    
    It is good practice to register native routines and to disable symbol
    search.
    
    See ‘Writing portable packages’ in the ‘Writing R Extensions’ manual.
Flavors: r-devel-linux-x86_64-fedora-clang, r-devel-linux-x86_64-fedora-gcc