CRAN Package Check Results for Package broom.mixed

Last updated on 2024-02-23 05:07:15 CET.

Flavor Version Tinstall Tcheck Ttotal Status Flags
r-devel-linux-x86_64-debian-clang 0.2.9.4 NOTE
r-devel-linux-x86_64-debian-gcc 0.2.9.4 7.93 139.43 147.36 NOTE
r-devel-linux-x86_64-fedora-clang 0.2.9.4 264.80 NOTE
r-devel-linux-x86_64-fedora-gcc 0.2.9.4 247.86 NOTE
r-devel-windows-x86_64 0.2.9.4 9.00 150.00 159.00 NOTE
r-patched-linux-x86_64 0.2.9.4 6.55 182.81 189.36 NOTE
r-release-linux-x86_64 0.2.9.4 5.83 178.39 184.22 NOTE
r-release-macos-arm64 0.2.9.4 71.00 NOTE
r-release-macos-x86_64 0.2.9.4 118.00 NOTE
r-release-windows-x86_64 0.2.9.4 12.00 191.00 203.00 NOTE
r-oldrel-macos-arm64 0.2.9.4 65.00 NOTE
r-oldrel-windows-x86_64 0.2.9.4 12.00 188.00 200.00 NOTE

Check Details

Version: 0.2.9.4
Check: package dependencies
Result: NOTE Package suggested but not available for checking: ‘glmmADMB’ Flavors: r-devel-linux-x86_64-debian-clang, r-devel-linux-x86_64-debian-gcc, r-devel-linux-x86_64-fedora-clang, r-devel-linux-x86_64-fedora-gcc, r-devel-windows-x86_64, r-patched-linux-x86_64, r-release-linux-x86_64, r-release-macos-arm64, r-release-macos-x86_64, r-release-windows-x86_64, r-oldrel-macos-arm64, r-oldrel-windows-x86_64

Version: 0.2.9.4
Check: Rd files
Result: NOTE checkRd: (-1) tidy.varFunc.Rd:26-27: Lost braces in \itemize; meant \describe ? checkRd: (-1) tidy.varFunc.Rd:28-30: Lost braces in \itemize; meant \describe ? checkRd: (-1) tidy.varFunc.Rd:31: Lost braces in \itemize; meant \describe ? checkRd: (-1) tidy.varFunc.Rd:32-33: Lost braces in \itemize; meant \describe ? Flavors: r-devel-linux-x86_64-debian-clang, r-devel-linux-x86_64-debian-gcc, r-devel-linux-x86_64-fedora-clang, r-devel-linux-x86_64-fedora-gcc