Last updated on 2023-05-28 05:52:03 CEST.
Flavor | Version | Tinstall | Tcheck | Ttotal | Status | Flags |
---|---|---|---|---|---|---|
r-devel-linux-x86_64-debian-clang | 0.2.0 | 94.75 | 212.03 | 306.78 | NOTE | |
r-devel-linux-x86_64-debian-gcc | 0.2.0 | 69.63 | 159.64 | 229.27 | NOTE | |
r-devel-linux-x86_64-fedora-clang | 0.2.0 | 447.32 | NOTE | |||
r-devel-linux-x86_64-fedora-gcc | 0.2.0 | 428.13 | NOTE | |||
r-devel-windows-x86_64 | 0.2.0 | 78.00 | 179.00 | 257.00 | NOTE | |
r-patched-linux-x86_64 | 0.2.0 | 80.83 | 199.18 | 280.01 | NOTE | |
r-release-linux-x86_64 | 0.2.0 | 60.45 | 201.41 | 261.86 | NOTE | |
r-release-macos-arm64 | 0.2.0 | 118.00 | NOTE | |||
r-release-macos-x86_64 | 0.2.0 | 193.00 | NOTE | |||
r-release-windows-x86_64 | 0.2.0 | 102.00 | 225.00 | 327.00 | NOTE | |
r-oldrel-macos-arm64 | 0.2.0 | 109.00 | NOTE | |||
r-oldrel-macos-x86_64 | 0.2.0 | 134.00 | NOTE | |||
r-oldrel-windows-x86_64 | 0.2.0 | 98.00 | 219.00 | 317.00 | OK |
Version: 0.2.0
Check: C++ specification
Result: NOTE
Specified C++11: please drop specification unless essential
Flavors: r-devel-linux-x86_64-debian-clang, r-devel-linux-x86_64-debian-gcc, r-devel-linux-x86_64-fedora-clang, r-devel-linux-x86_64-fedora-gcc, r-devel-windows-x86_64, r-patched-linux-x86_64, r-release-linux-x86_64, r-release-macos-arm64, r-release-macos-x86_64, r-release-windows-x86_64
Version: 0.2.0
Check: installed package size
Result: NOTE
installed size is 5.3Mb
sub-directories of 1Mb or more:
doc 2.7Mb
libs 2.5Mb
Flavors: r-release-macos-arm64, r-release-macos-x86_64, r-oldrel-macos-arm64, r-oldrel-macos-x86_64