CRAN Package Check Results for Package bridgesampling

Last updated on 2024-02-23 05:07:15 CET.

Flavor Version Tinstall Tcheck Ttotal Status Flags
r-devel-linux-x86_64-debian-clang 1.1-2 OK
r-devel-linux-x86_64-debian-gcc 1.1-2 9.18 268.19 277.37 OK
r-devel-linux-x86_64-fedora-clang 1.1-2 427.45 OK
r-devel-linux-x86_64-fedora-gcc 1.1-2 485.97 OK
r-devel-windows-x86_64 1.1-2 11.00 162.00 173.00 OK
r-patched-linux-x86_64 1.1-2 12.93 363.17 376.10 OK
r-release-linux-x86_64 1.1-2 11.05 363.84 374.89 OK
r-release-macos-arm64 1.1-2 106.00 OK
r-release-macos-x86_64 1.1-2 118.00 NOTE
r-release-windows-x86_64 1.1-2 14.00 201.00 215.00 OK
r-oldrel-macos-arm64 1.1-2 77.00 OK
r-oldrel-windows-x86_64 1.1-2 14.00 203.00 217.00 OK

Check Details

Version: 1.1-2
Check: package dependencies
Result: NOTE Packages suggested but not available for checking: 'BayesFactor', 'rstan', 'rstanarm', 'MCMCpack' Flavor: r-release-macos-x86_64