Last updated on 2023-06-05 05:54:30 CEST.
Flavor | Version | Tinstall | Tcheck | Ttotal | Status | Flags |
---|---|---|---|---|---|---|
r-devel-linux-x86_64-debian-clang | 2.1.0 | 16.29 | 128.88 | 145.17 | NOTE | |
r-devel-linux-x86_64-debian-gcc | 2.1.0 | 11.33 | 96.88 | 108.21 | NOTE | |
r-devel-linux-x86_64-fedora-clang | 2.1.0 | 173.44 | NOTE | |||
r-devel-linux-x86_64-fedora-gcc | 2.1.0 | 178.98 | NOTE | |||
r-devel-windows-x86_64 | 2.1.0 | 13.00 | 113.00 | 126.00 | NOTE | |
r-patched-linux-x86_64 | 2.1.0 | 17.35 | 121.59 | 138.94 | NOTE | |
r-release-linux-x86_64 | 2.1.0 | 10.92 | 120.71 | 131.63 | NOTE | |
r-release-macos-arm64 | 2.1.0 | 55.00 | NOTE | |||
r-release-macos-x86_64 | 2.1.0 | 96.00 | NOTE | |||
r-release-windows-x86_64 | 2.1.0 | 16.00 | 141.00 | 157.00 | NOTE | |
r-oldrel-macos-arm64 | 2.1.0 | 50.00 | OK | |||
r-oldrel-macos-x86_64 | 2.1.0 | 77.00 | OK | |||
r-oldrel-windows-x86_64 | 2.1.0 | 19.00 | 135.00 | 154.00 | OK |
Version: 2.1.0
Check: Rd files
Result: NOTE
checkRd: (-1) bp_rats.Rd:41: Escaped LaTeX specials: \&
Flavors: r-devel-linux-x86_64-debian-clang, r-devel-linux-x86_64-debian-gcc, r-devel-linux-x86_64-fedora-clang, r-devel-linux-x86_64-fedora-gcc, r-devel-windows-x86_64, r-patched-linux-x86_64, r-release-linux-x86_64, r-release-macos-arm64, r-release-macos-x86_64, r-release-windows-x86_64
Version: 2.1.0
Check: installed package size
Result: NOTE
installed size is 5.0Mb
sub-directories of 1Mb or more:
data 4.4Mb
Flavor: r-release-macos-x86_64