Last updated on 2023-06-05 05:54:30 CEST.
Flavor | Version | Tinstall | Tcheck | Ttotal | Status | Flags |
---|---|---|---|---|---|---|
r-devel-linux-x86_64-debian-clang | 1.1.5 | 8.82 | 85.75 | 94.57 | OK | |
r-devel-linux-x86_64-debian-gcc | 1.1.5 | 6.92 | 66.62 | 73.54 | OK | |
r-devel-linux-x86_64-fedora-clang | 1.1.5 | 119.45 | NOTE | |||
r-devel-linux-x86_64-fedora-gcc | 1.1.5 | 127.11 | NOTE | |||
r-devel-windows-x86_64 | 1.1.5 | 10.00 | 80.00 | 90.00 | OK | |
r-patched-linux-x86_64 | 1.1.5 | 8.82 | 82.88 | 91.70 | OK | |
r-release-linux-x86_64 | 1.1.5 | 7.86 | 82.42 | 90.28 | OK | |
r-release-macos-arm64 | 1.1.5 | 45.00 | OK | |||
r-release-macos-x86_64 | 1.1.5 | 73.00 | OK | |||
r-release-windows-x86_64 | 1.1.5 | 11.00 | 99.00 | 110.00 | OK | |
r-oldrel-macos-arm64 | 1.1.5 | 34.00 | NOTE | |||
r-oldrel-macos-x86_64 | 1.1.5 | 51.00 | NOTE | |||
r-oldrel-windows-x86_64 | 1.1.5 | 12.00 | 103.00 | 115.00 | OK |
Version: 1.1.5
Check: dependencies in R code
Result: NOTE
Namespaces in Imports field not imported from:
‘HSAUR3’ ‘knitr’ ‘rmarkdown’
All declared Imports should be used.
Flavors: r-devel-linux-x86_64-fedora-clang, r-devel-linux-x86_64-fedora-gcc, r-oldrel-macos-arm64, r-oldrel-macos-x86_64