Last updated on 2023-05-28 05:52:03 CEST.
Flavor | Version | Tinstall | Tcheck | Ttotal | Status | Flags |
---|---|---|---|---|---|---|
r-devel-linux-x86_64-debian-clang | 0.1.2 | 47.49 | 31.69 | 79.18 | NOTE | |
r-devel-linux-x86_64-debian-gcc | 0.1.2 | 38.56 | 24.12 | 62.68 | WARN | |
r-devel-linux-x86_64-fedora-clang | 0.1.2 | 120.09 | NOTE | |||
r-devel-linux-x86_64-fedora-gcc | 0.1.2 | 122.54 | NOTE | |||
r-devel-windows-x86_64 | 0.1.2 | 39.00 | 65.00 | 104.00 | NOTE | |
r-patched-linux-x86_64 | 0.1.2 | 39.93 | 31.11 | 71.04 | NOTE | |
r-release-linux-x86_64 | 0.1.2 | 44.39 | 31.00 | 75.39 | NOTE | |
r-release-macos-arm64 | 0.1.2 | 32.00 | NOTE | |||
r-release-macos-x86_64 | 0.1.2 | 54.00 | NOTE | |||
r-release-windows-x86_64 | 0.1.2 | 50.00 | 74.00 | 124.00 | NOTE | |
r-oldrel-macos-arm64 | 0.1.2 | 35.00 | OK | |||
r-oldrel-macos-x86_64 | 0.1.2 | 40.00 | OK | |||
r-oldrel-windows-x86_64 | 0.1.2 | 50.00 | 71.00 | 121.00 | OK |
Version: 0.1.2
Check: C++ specification
Result: NOTE
Specified C++11: please drop specification unless essential
Flavors: r-devel-linux-x86_64-debian-clang, r-devel-linux-x86_64-debian-gcc, r-devel-linux-x86_64-fedora-clang, r-devel-linux-x86_64-fedora-gcc, r-devel-windows-x86_64, r-patched-linux-x86_64, r-release-linux-x86_64, r-release-macos-arm64, r-release-macos-x86_64, r-release-windows-x86_64
Version: 0.1.2
Check: whether package can be installed
Result: WARN
Found the following significant warnings:
/usr/include/x86_64-linux-gnu/bits/string_fortified.h:59:33: warning: ‘void* __builtin_memset(void*, int, long unsigned int)’ forming offset [176, 183] is out of the bounds [0, 176] of object ‘nMaxCritMet’ with type ‘arma::rowvec’ {aka ‘arma::Row<double>’} [-Warray-bounds]
See ‘/home/hornik/tmp/R.check/r-devel-gcc/Work/PKGS/bmabasket.Rcheck/00install.out’ for details.
* used C++ compiler: ‘g++-12 (Debian 12.2.0-14) 12.2.0’
Flavor: r-devel-linux-x86_64-debian-gcc