Last updated on 2023-05-28 05:52:03 CEST.
Flavor | Version | Tinstall | Tcheck | Ttotal | Status | Flags |
---|---|---|---|---|---|---|
r-devel-linux-x86_64-debian-clang | 4.5.3 | 521.04 | 66.21 | 587.25 | OK | |
r-devel-linux-x86_64-debian-gcc | 4.5.3 | 439.19 | 50.86 | 490.05 | OK | |
r-devel-linux-x86_64-fedora-clang | 4.5.3 | 782.03 | OK | |||
r-devel-linux-x86_64-fedora-gcc | 4.5.3 | 954.95 | OK | |||
r-devel-windows-x86_64 | 4.5.3 | 345.00 | 127.00 | 472.00 | OK | |
r-patched-linux-x86_64 | 4.5.3 | 492.39 | 64.77 | 557.16 | OK | |
r-release-linux-x86_64 | 4.5.3 | 474.47 | 64.65 | 539.12 | OK | |
r-release-macos-arm64 | 4.5.3 | 201.00 | NOTE | |||
r-release-macos-x86_64 | 4.5.3 | 423.00 | NOTE | |||
r-release-windows-x86_64 | 4.5.3 | 373.00 | 141.00 | 514.00 | OK | |
r-oldrel-macos-arm64 | 4.5.3 | 175.00 | NOTE | |||
r-oldrel-macos-x86_64 | 4.5.3 | 237.00 | NOTE | |||
r-oldrel-windows-x86_64 | 4.5.3 | 408.00 | 137.00 | 545.00 | OK |
Version: 4.5.3
Check: installed package size
Result: NOTE
installed size is 36.6Mb
sub-directories of 1Mb or more:
libs 35.3Mb
Flavors: r-release-macos-arm64, r-release-macos-x86_64, r-oldrel-macos-arm64, r-oldrel-macos-x86_64