Last updated on 2023-05-29 05:54:58 CEST.
Flavor | Version | Tinstall | Tcheck | Ttotal | Status | Flags |
---|---|---|---|---|---|---|
r-devel-linux-x86_64-debian-clang | 1.0 | 44.42 | 358.05 | 402.47 | NOTE | |
r-devel-linux-x86_64-debian-gcc | 1.0 | 35.63 | 270.95 | 306.58 | NOTE | |
r-devel-linux-x86_64-fedora-clang | 1.0 | 515.84 | NOTE | |||
r-devel-linux-x86_64-fedora-gcc | 1.0 | 496.26 | NOTE | |||
r-devel-windows-x86_64 | 1.0 | 37.00 | 269.00 | 306.00 | OK | |
r-patched-linux-x86_64 | 1.0 | 38.26 | 342.31 | 380.57 | NOTE | |
r-release-linux-x86_64 | 1.0 | 43.02 | 340.84 | 383.86 | NOTE | |
r-release-macos-arm64 | 1.0 | 120.00 | OK | |||
r-release-macos-x86_64 | 1.0 | 219.00 | OK | |||
r-release-windows-x86_64 | 1.0 | 49.00 | 366.00 | 415.00 | OK | |
r-oldrel-macos-arm64 | 1.0 | 97.00 | OK | |||
r-oldrel-macos-x86_64 | 1.0 | 133.00 | OK | |||
r-oldrel-windows-x86_64 | 1.0 | 48.00 | 357.00 | 405.00 | OK |
Version: 1.0
Check: for non-standard things in the check directory
Result: NOTE
Found the following files/directories:
‘pointshape.dbf’ ‘pointshape.shp’ ‘pointshape.shx’
Flavors: r-devel-linux-x86_64-debian-clang, r-devel-linux-x86_64-debian-gcc, r-devel-linux-x86_64-fedora-clang, r-devel-linux-x86_64-fedora-gcc, r-patched-linux-x86_64, r-release-linux-x86_64