Last updated on 2023-06-07 05:58:15 CEST.
Flavor | Version | Tinstall | Tcheck | Ttotal | Status | Flags |
---|---|---|---|---|---|---|
r-devel-linux-x86_64-debian-clang | 0.2.1 | 13.68 | 133.04 | 146.72 | NOTE | |
r-devel-linux-x86_64-debian-gcc | 0.2.1 | 9.15 | 103.21 | 112.36 | NOTE | |
r-devel-linux-x86_64-fedora-clang | 0.2.1 | 179.36 | NOTE | |||
r-devel-linux-x86_64-fedora-gcc | 0.2.1 | 181.09 | NOTE | |||
r-devel-windows-x86_64 | 0.2.1 | 12.00 | 119.00 | 131.00 | NOTE | |
r-patched-linux-x86_64 | 0.2.1 | 16.63 | 124.58 | 141.21 | NOTE | |
r-release-linux-x86_64 | 0.2.1 | 10.36 | 124.42 | 134.78 | NOTE | |
r-release-macos-arm64 | 0.2.1 | 60.00 | NOTE | |||
r-release-macos-x86_64 | 0.2.1 | 101.00 | NOTE | |||
r-release-windows-x86_64 | 0.2.1 | 15.00 | 150.00 | 165.00 | NOTE | |
r-oldrel-macos-arm64 | 0.2.1 | 9.00 | ERROR | |||
r-oldrel-macos-x86_64 | 0.2.1 | 97.00 | NOTE | |||
r-oldrel-windows-x86_64 | 0.2.1 | 16.00 | 149.00 | 165.00 | NOTE |
Version: 0.2.1
Check: LazyData
Result: NOTE
'LazyData' is specified without a 'data' directory
Flavors: r-devel-linux-x86_64-debian-clang, r-devel-linux-x86_64-debian-gcc, r-devel-linux-x86_64-fedora-clang, r-devel-linux-x86_64-fedora-gcc, r-devel-windows-x86_64, r-patched-linux-x86_64, r-release-linux-x86_64, r-release-macos-arm64, r-release-macos-x86_64, r-release-windows-x86_64, r-oldrel-macos-x86_64, r-oldrel-windows-x86_64
Version: 0.2.1
Check: package dependencies
Result: ERROR
Package required but not available: ‘MEIGOR’
See section ‘The DESCRIPTION file’ in the ‘Writing R Extensions’
manual.
Flavor: r-oldrel-macos-arm64