CRAN Package Check Results for Package bingat

Last updated on 2023-06-08 05:58:03 CEST.

Flavor Version Tinstall Tcheck Ttotal Status Flags
r-devel-linux-x86_64-debian-clang 1.3 13.67 101.34 115.01 OK
r-devel-linux-x86_64-debian-gcc 1.3 10.05 72.99 83.04 OK
r-devel-linux-x86_64-fedora-clang 1.3 140.15 NOTE
r-devel-linux-x86_64-fedora-gcc 1.3 129.50 OK
r-devel-windows-x86_64 1.3 14.00 90.00 104.00 OK
r-patched-linux-x86_64 1.3 9.56 91.11 100.67 OK
r-release-linux-x86_64 1.3 7.92 90.35 98.27 OK
r-release-macos-arm64 1.3 47.00 OK
r-release-macos-x86_64 1.3 66.00 OK
r-release-windows-x86_64 1.3 14.00 104.00 118.00 OK
r-oldrel-macos-arm64 1.3 39.00 OK
r-oldrel-macos-x86_64 1.3 54.00 OK
r-oldrel-windows-x86_64 1.3 15.00 113.00 128.00 OK

Check Details

Version: 1.3
Check: Rd cross-references
Result: NOTE
    Undeclared package ‘genalg’ in Rd xrefs
Flavor: r-devel-linux-x86_64-fedora-clang