Last updated on 2023-05-30 05:57:28 CEST.
Flavor | Version | Tinstall | Tcheck | Ttotal | Status | Flags |
---|---|---|---|---|---|---|
r-devel-linux-x86_64-debian-clang | 1.1.1 | 3.55 | 30.99 | 34.54 | NOTE | |
r-devel-linux-x86_64-debian-gcc | 1.1.1 | 2.89 | 24.32 | 27.21 | NOTE | |
r-devel-linux-x86_64-fedora-clang | 1.1.1 | 44.25 | NOTE | |||
r-devel-linux-x86_64-fedora-gcc | 1.1.1 | 41.94 | NOTE | |||
r-devel-windows-x86_64 | 1.1.1 | 3.00 | 46.00 | 49.00 | NOTE | |
r-patched-linux-x86_64 | 1.1.1 | 3.04 | 30.83 | 33.87 | NOTE | |
r-release-linux-x86_64 | 1.1.1 | 3.39 | 30.68 | 34.07 | NOTE | |
r-release-macos-arm64 | 1.1.1 | 21.00 | NOTE | |||
r-release-macos-x86_64 | 1.1.1 | 26.00 | NOTE | |||
r-release-windows-x86_64 | 1.1.1 | 4.00 | 56.00 | 60.00 | NOTE | |
r-oldrel-macos-arm64 | 1.1.1 | 19.00 | OK | |||
r-oldrel-macos-x86_64 | 1.1.1 | 27.00 | OK | |||
r-oldrel-windows-x86_64 | 1.1.1 | 15.00 | 66.00 | 81.00 | OK |
Version: 1.1.1
Check: Rd files
Result: NOTE
checkRd: (-1) Jeffreysbs.Rd:17: Escaped LaTeX specials: \&
Flavors: r-devel-linux-x86_64-debian-clang, r-devel-linux-x86_64-debian-gcc, r-devel-linux-x86_64-fedora-clang, r-devel-linux-x86_64-fedora-gcc, r-devel-windows-x86_64, r-patched-linux-x86_64, r-release-linux-x86_64, r-release-macos-arm64, r-release-macos-x86_64, r-release-windows-x86_64