Last updated on 2023-06-09 05:54:53 CEST.
Flavor | Version | Tinstall | Tcheck | Ttotal | Status | Flags |
---|---|---|---|---|---|---|
r-devel-linux-x86_64-debian-clang | 1.2.0 | 175.53 | 187.84 | 363.37 | OK | |
r-devel-linux-x86_64-debian-gcc | 1.2.0 | 138.76 | 136.20 | 274.96 | OK | |
r-devel-linux-x86_64-fedora-clang | 1.2.0 | 513.76 | OK | |||
r-devel-linux-x86_64-fedora-gcc | 1.2.0 | 501.20 | OK | |||
r-devel-windows-x86_64 | 1.2.0 | 136.00 | 198.00 | 334.00 | OK | |
r-patched-linux-x86_64 | 1.2.0 | 143.87 | 183.93 | 327.80 | OK | |
r-release-linux-x86_64 | 1.2.0 | 144.02 | 183.79 | 327.81 | OK | |
r-release-macos-arm64 | 1.2.0 | 109.00 | NOTE | |||
r-release-macos-x86_64 | 1.1.3 | 200.00 | NOTE | |||
r-release-windows-x86_64 | 1.2.0 | 173.00 | 230.00 | 403.00 | OK | |
r-oldrel-macos-arm64 | 1.2.0 | 106.00 | NOTE | |||
r-oldrel-macos-x86_64 | 1.2.0 | 148.00 | NOTE | |||
r-oldrel-windows-x86_64 | 1.2.0 | 167.00 | 215.00 | 382.00 | OK |
Version: 1.2.0
Check: installed package size
Result: NOTE
installed size is 5.6Mb
sub-directories of 1Mb or more:
libs 5.2Mb
Flavors: r-release-macos-arm64, r-oldrel-macos-arm64, r-oldrel-macos-x86_64
Version: 1.1.3
Check: C++ specification
Result: NOTE
Specified C++14: please drop specification unless essential
Flavor: r-release-macos-x86_64
Version: 1.1.3
Check: installed package size
Result: NOTE
installed size is 5.1Mb
sub-directories of 1Mb or more:
libs 4.8Mb
Flavor: r-release-macos-x86_64