Last updated on 2023-06-07 05:58:14 CEST.
Flavor | Version | Tinstall | Tcheck | Ttotal | Status | Flags |
---|---|---|---|---|---|---|
r-devel-linux-x86_64-debian-clang | 0.37.3 | 10.31 | 93.76 | 104.07 | OK | |
r-devel-linux-x86_64-debian-gcc | 0.37.3 | 8.61 | 71.41 | 80.02 | OK | |
r-devel-linux-x86_64-fedora-clang | 0.37.3 | 129.81 | OK | |||
r-devel-linux-x86_64-fedora-gcc | 0.37.3 | 126.69 | OK | |||
r-devel-windows-x86_64 | 0.37.3 | 10.00 | 89.00 | 99.00 | OK | |
r-patched-linux-x86_64 | 0.37.3 | 12.34 | 87.86 | 100.20 | OK | |
r-release-linux-x86_64 | 0.37.3 | 8.74 | 87.75 | 96.49 | OK | |
r-release-macos-arm64 | 0.37.3 | 40.00 | OK | |||
r-release-macos-x86_64 | 0.37.3 | 65.00 | NOTE | |||
r-release-windows-x86_64 | 0.37.3 | 13.00 | 109.00 | 122.00 | OK | |
r-oldrel-macos-arm64 | 0.37.3 | 35.00 | OK | |||
r-oldrel-macos-x86_64 | 0.37.3 | 53.00 | OK | |||
r-oldrel-windows-x86_64 | 0.37.3 | 14.00 | 113.00 | 127.00 | OK |
Version: 0.37.3
Check: package dependencies
Result: NOTE
Package which this enhances but not available for checking: ‘caret’
Flavor: r-release-macos-x86_64