CRAN Package Check Results for Package behavr

Last updated on 2023-06-06 05:55:04 CEST.

Flavor Version Tinstall Tcheck Ttotal Status Flags
r-devel-linux-x86_64-debian-clang 0.3.2 3.66 57.40 61.06 NOTE
r-devel-linux-x86_64-debian-gcc 0.3.2 2.83 37.05 39.88 NOTE
r-devel-linux-x86_64-fedora-clang 0.3.2 67.42 NOTE
r-devel-linux-x86_64-fedora-gcc 0.3.2 57.76 NOTE
r-devel-windows-x86_64 0.3.2 6.00 52.00 58.00 NOTE
r-patched-linux-x86_64 0.3.2 4.06 45.23 49.29 NOTE
r-release-linux-x86_64 0.3.2 3.39 45.36 48.75 NOTE
r-release-macos-arm64 0.3.2 23.00 NOTE
r-release-macos-x86_64 0.3.2 33.00 NOTE
r-release-windows-x86_64 0.3.2 5.00 57.00 62.00 NOTE
r-oldrel-macos-arm64 0.3.2 23.00 NOTE
r-oldrel-macos-x86_64 0.3.2 35.00 NOTE
r-oldrel-windows-x86_64 0.3.2 5.00 67.00 72.00 NOTE

Check Details

Version: 0.3.2
Check: LazyData
Result: NOTE
     'LazyData' is specified without a 'data' directory
Flavors: r-devel-linux-x86_64-debian-clang, r-devel-linux-x86_64-debian-gcc, r-devel-linux-x86_64-fedora-clang, r-devel-linux-x86_64-fedora-gcc, r-devel-windows-x86_64, r-patched-linux-x86_64, r-release-linux-x86_64, r-release-macos-arm64, r-release-macos-x86_64, r-release-windows-x86_64, r-oldrel-macos-arm64, r-oldrel-macos-x86_64, r-oldrel-windows-x86_64